645914195?
5, 129182839
What are the prime factors of 2177155321?
11, 23, 83, 199, 521
What are the prime factors of 70508017?
70508017
What are the prime factors of 145985230?
2, 5, 71, 127, 1619
What are the prime factors of 153648093?
3, 51216031
What are the prime factors of 1487200262?
2, 19, 31, 1262479
What are the prime factors of 5266189134?
2, 3, 97522021
List the prime factors of 104897721.
3, 41, 852827
What are the prime factors of 339407970?
2, 3, 5, 11, 1028509
What are the prime factors of 42239721?
3, 14079907
What are the prime factors of 40374102?
2, 3, 6729017
What are the prime factors of 210467948?
2, 52616987
List the prime factors of 2893207534.
2, 7, 67, 3084443
List the prime factors of 1190539793.
691, 1722923
What are the prime factors of 99581406?
2, 3, 16596901
List the prime factors of 21369936.
2, 3, 7, 63601
List the prime factors of 58938704.
2, 11, 541, 619
What are the prime factors of 452959988?
2, 13, 2399, 3631
What are the prime factors of 10253017?
229, 44773
What are the prime factors of 319199922?
2, 3, 17, 43, 1427
List the prime factors of 38908858.
2, 109, 178481
List the prime factors of 51346254.
2, 3, 67, 127727
List the prime factors of 34304420.
2, 5, 347, 4943
What are the prime factors of 4104459949?
157, 2633, 9929
List the prime factors of 145700521.
1907, 76403
What are the prime factors of 72175193?
72175193
List the prime factors of 1815932746.
2, 53, 17131441
List the prime factors of 143685810.
2, 3, 5, 1596509
What are the prime factors of 2704790343?
3, 43, 677, 30971
What are the prime factors of 106280571?
3, 35426857
What are the prime factors of 650088978?
2, 3, 7, 11, 179, 1123
What are the prime factors of 64517300?
2, 5, 23, 28051
List the prime factors of 36939797.
36939797
List the prime factors of 1124560555.
5, 224912111
List the prime factors of 5019852438.
2, 3, 278880691
List the prime factors of 511683677.
53, 61, 158269
List the prime factors of 61619102.
2, 337, 91423
What are the prime factors of 25882591?
7, 587, 6299
What are the prime factors of 228170156?
2, 57042539
List the prime factors of 66283787.
163, 406649
What are the prime factors of 1611603107?
31, 51987197
List the prime factors of 39372707.
11, 1259, 2843
List the prime factors of 1223937268.
2, 53, 439, 13151
List the prime factors of 156791354.
2, 757, 103561
What are the prime factors of 483454782?
2, 3, 26858599
What are the prime factors of 377311834?
2, 188655917
What are the prime factors of 112528649?
137, 821377
List the prime factors of 2203177619.
2203177619
List the prime factors of 13464366.
2, 3, 103, 21787
List the prime factors of 78764729.
113, 697033
What are the prime factors of 123900934?
2, 29, 41, 52103
List the prime factors of 2771968782.
2, 3, 11, 41999527
What are the prime factors of 1078549486?
2, 7, 11005607
List the prime factors of 40749550.
2, 5, 814991
What are the prime factors of 1346497074?
2, 3, 13, 1918087
List the prime factors of 87494877.
3, 3240551
List the prime factors of 4093950695.
5, 17191, 47629
List the prime factors of 2176024135.
5, 23, 29, 59, 11059
What are the prime factors of 933158326?
2, 131, 3561673
List the prime factors of 42356862.
2, 3, 2353159
List the prime factors of 1482908399.
7, 107, 199, 9949
List the prime factors of 951058381.
7, 13, 61, 73, 2347
What are the prime factors of 1438514089?
12713, 113153
What are the prime factors of 2434391028?
2, 3, 67621973
What are the prime factors of 2751101300?
2, 5, 23, 43, 27817
List the prime factors of 387788056.
2, 1913, 25339
List the prime factors of 115168878.
2, 3, 11, 43, 167
What are the prime factors of 261105539?
47, 313, 17749
List the prime factors of 76026481.
1103, 68927
List the prime factors of 385948227.
3, 7, 18378487
What are the prime factors of 4074051513?
3, 7, 17, 67, 170327
What are the prime factors of 1799232828?
2, 3, 149936069
List the prime factors of 1178993140.
2, 5, 13, 4534589
What are the prime factors of 9257943?
3, 43, 1669
What are the prime factors of 4558048?
2, 11, 23, 563
What are the prime factors of 145810002?
2, 3, 13, 71, 113, 233
List the prime factors of 2845219555.
5, 569043911
List the prime factors of 1311632681.
19, 41, 199, 8461
List the prime factors of 105260127.
3, 7, 71, 227, 311
List the prime factors of 3833125656.
2, 3, 5503, 29023
List the prime factors of 4551108621.
3, 157, 1307, 7393
What are the prime factors of 132291129?
3, 19, 2320897
What are the prime factors of 2486511769?
7, 355215967
List the prime factors of 20055754.
2, 19, 139, 3797
What are the prime factors of 148081423?
7, 21154489
What are the prime factors of 58434944?
2, 456523
What are the prime factors of 1133008209?
3, 19, 97, 22769
What are the prime factors of 81611946?
2, 3, 13, 348769
What are the prime factors of 135316450?
2, 5, 73, 131, 283
List the prime factors of 2841862026.
2, 3, 89, 5321839
What are the prime factors of 45589473?
3, 23, 2719
What are the prime factors of 410757521?
6829, 60149
List the prime factors of 21021140.
2, 5, 7, 150151
What are the prime factors of 992755976?
2, 124094497
List the prime factors of 3674640730.
2, 5, 10111, 36343
What are the prime factors of 1482474649?
1482474649
What are the prime factors of 949611700?
2, 5, 9496117
What are the prime factors of 1175068950?
2, 3, 5, 11, 31, 22973
What are the prime factors of 135571575?
3, 5, 151, 11971
What are the prime factors of 58062773?
263, 220771
What are the prime factors of 244272493?
19, 12856447
What are the prime factors of 1310193810?
2, 3, 5, 197, 73897
List the prime factors of 4255392565.
5, 139, 6122867
What are the prime factors of 65971779?
3, 73, 301241
List the prime factors of 615744.
2, 3, 1069
List the prime factors of 30423558.
2, 3, 11, 41, 11243
List the prime factors of 540028198.
2, 29, 9310831
List the prime factors of 71559756.
2, 3, 47, 42293
List the prime factors of 72859630.
2, 5, 23, 43, 53, 139
What are the prime factors of 456195971?
7, 11, 41, 83, 1741
List the prime factors of 8495003.
11, 772273
What are the prime factors of 29016520?
2, 5, 13, 41, 1361
What are the prime factors of 49398839?
7, 1297, 5441
What are the prime factors of 25366447?
23, 131, 8419
What are the prime factors of 147522434?
2, 359, 205463
What are the prime factors of 564925098?
2, 3, 2621, 35923
What are the prime factors of 62112333?
3, 47, 373, 1181
List the prime factors of 47896597.
7, 2357, 2903
What are the prime factors of 312214474?
2, 11, 13, 1091659
What are the prime factors of 57188928?
2, 3, 29, 10271
List the prime factors of 749372218.
2, 7, 181, 295727
List the prime factors of 4718696290.
2, 5, 7, 11, 17, 32771
List the prime factors of 114547038.
2, 3, 23, 830051
What are the prime factors of 33595975?
5, 7, 191977
What are the prime factors of 21665838?
2, 3, 31, 116483
What are the prime factors of 6446300304?
2, 3, 691, 194353
List the prime factors of 3061147.
19, 367, 439
List the prime factors of 168143634.
2, 3, 17, 151, 1213
List the prime factors of 43256430.
2, 3, 5, 7, 2543
List the prime factors of 54486855.
3, 5, 1210819
What are the prime factors of 25960391?
1123, 23117
List the prime factors of 145858839.
3, 7, 19, 52223
List the prime factors of 6078275.
5, 7, 47, 739
What are the prime factors of 2647815?
3, 5, 176521
List the prime factors of 154345423.
1319, 117017
What are the prime factors of 164991421?
7, 19, 41, 79, 383
List the prime factors of 59057717.
29, 2036473
What are the prime factors of 4475067917?
47, 95214211
List the prime factors of 554632243.
11, 239, 210967
What are the prime factors of 850384469?
11, 43, 61, 29473
List the prime factors of 587455968.
2, 3, 11, 103, 491
What are the prime factors of 79786607?
127, 499, 1259
List the prime factors of 328676502.
2, 3, 7, 11, 103, 6907
List the prime factors of 269413691.
229, 349, 3371
List the prime factors of 31267442.
2, 23, 37, 18371
List the prime factors of 53717484.
2, 3, 17, 19, 13859
List the prime factors of 30066011.
29, 1036759
What are the prime factors of 1799280089?
29, 43, 1442887
What are the prime factors of 1132572868?
2, 7, 5778433
What are the prime factors of 2587854498?
2, 3, 29, 47, 67, 4723
What are the prime factor